 7929683 a composite number?
False
Is 24506879 a prime number?
True
Is 1278183 prime?
False
Is 11404967 composite?
True
Is 6173221 a composite number?
True
Is 89248889 a composite number?
True
Is 12720935 prime?
False
Is 181721 a prime number?
True
Is 394337 a prime number?
False
Is 42506879 prime?
True
Is 5162653 a composite number?
False
Is 33547991 a prime number?
True
Is 604621 a composite number?
True
Is 20895403 a composite number?
False
Is 91284223 prime?
True
Is 31706827 prime?
True
Is 13669511 a composite number?
True
Is 8185699 a composite number?
True
Is 21988493 a prime number?
False
Is 144998963 a prime number?
True
Is 17356523 a prime number?
True
Is 59915861 a composite number?
False
Is 219057983 composite?
False
Is 2332045 composite?
True
Is 13329971 prime?
True
Is 241433449 a composite number?
True
Is 37952147 a composite number?
True
Is 16632857 a prime number?
True
Is 9887015 prime?
False
Is 43853 composite?
False
Is 1544789 composite?
False
Is 442323151 a prime number?
True
Is 30588331 a composite number?
True
Is 24826699 a prime number?
True
Is 4182707 a composite number?
True
Is 3897389 prime?
True
Is 21060727 prime?
False
Is 46482167 prime?
True
Is 1429433 prime?
False
Is 534341 a composite number?
False
Is 97259861 a composite number?
False
Is 4202791 a composite number?
True
Is 85230169 prime?
True
Is 5168369 prime?
True
Is 18189161 a prime number?
True
Is 11225609 composite?
False
Is 28872733 a composite number?
True
Is 79591279 composite?
False
Is 24533021 a composite number?
False
Is 4756529 composite?
True
Is 485867 prime?
False
Is 8012629 a composite number?
True
Is 1316347 composite?
False
Is 5551661 prime?
False
Is 227417 a prime number?
False
Is 21259751 composite?
True
Is 146298065 composite?
True
Is 1072793 a composite number?
False
Is 3517333 a prime number?
True
Is 2376659 a composite number?
True
Is 291144773 a prime number?
False
Is 149849597 a composite number?
False
Is 5813902 prime?
False
Is 14548349 prime?
True
Is 95029171 composite?
False
Is 1162453 composite?
False
Is 108298777 a composite number?
False
Is 123388259 prime?
True
Is 9464713 composite?
False
Is 77023543 a prime number?
False
Is 813745 a prime number?
False
Is 25021513 a composite number?
True
Is 427067 composite?
False
Is 54347789 a prime number?
False
Is 4785271 composite?
False
Is 47677043 composite?
False
Is 100824077 a composite number?
True
Is 11159299 composite?
True
Is 806731 prime?
False
Is 12771067 a prime number?
False
Is 2285141 prime?
True
Is 32070821 a prime number?
False
Is 6620171 a prime number?
True
Is 1096787 prime?
True
Is 8613273 prime?
False
Is 15572834 composite?
True
Is 30299459 prime?
True
Is 53407597 composite?
True
Is 1478923 a composite number?
True
Is 6401149 a prime number?
True
Is 1561103 a prime number?
False
Is 32287 composite?
True
Is 137429959 prime?
True
Is 400862909 a prime number?
True
Is 10346057 prime?
True
Is 3403061 composite?
True
Is 120333619 a prime number?
False
Is 29298271 composite?
False
Is 113950801 a prime number?
False
Is 2326697 composite?
True
Is 48136379 prime?
False
Is 13286713 a composite number?
True
Is 51304801 composite?
True
Is 2919881 prime?
False
Is 32386859 composite?
False
Is 20731429 a prime number?
True
Is 14717669 composite?
True
Is 10299851 a composite number?
False
Is 123287261 composite?
True
Is 111516031 a composite number?
True
Is 71694923 prime?
False
Is 1559531 composite?
False
Is 580244389 prime?
True
Is 232132711 a prime number?
True
Is 12545543 prime?
False
Is 26793983 a composite number?
False
Is 2550907 a composite number?
True
Is 113096887 composite?
True
Is 162587 prime?
False
Is 1130011 prime?
True
Is 107427821 prime?
True
Is 1174463 a prime number?
True
Is 32440535 a prime number?
False
Is 26014507 prime?
True
Is 18908597 a prime number?
False
Is 12158049 a prime number?
False
Is 41885 a prime number?
False
Is 41472043 a prime number?
True
Is 788809 prime?
False
Is 381119 prime?
False
Is 57219761 composite?
True
Is 648511 a prime number?
False
Is 1957 a composite number?
True
Is 45617483 a prime number?
True
Is 5417099 composite?
False
Is 19018267 prime?
False
Is 152180773 a prime number?
True
Is 768973 prime?
False
Is 3271919 a prime number?
False
Is 9047707 a composite number?
False
Is 13984471 prime?
True
Is 164158147 a prime number?
False
Is 22659479 a prime number?
True
Is 356236679 a prime number?
True
Is 43348255 composite?
True
Is 15370697 a prime number?
False
Is 7010863 prime?
True
Is 5883641 composite?
False
Is 145117 a composite number?
True
Is 10487567 a prime number?
True
Is 326774383 a composite number?
True
Is 3228887 prime?
True
Is 35571329 a composite number?
False
Is 24123973 a composite number?
False
Is 27301 a prime number?
False
Is 10681813 a prime number?
False
Is 68969477 composite?
True
Is 126572741 a prime number?
True
Is 124284011 a prime number?
True
Is 134878677 prime?
False
Is 740801 prime?
True
Is 104819063 a composite number?
False
Is 372607 prime?
True
Is 12795043 a composite number?
False
Is 166089559 a prime number?
False
Is 335791 prime?
False
Is 2470351 composite?
True
Is 113369339 prime?
True
Is 3967703 a composite number?
True
Is 150542627 a composite number?
False
Is 2186881 a composite number?
True
Is 67585057 prime?
True
Is 147200035 a composite number?
True
Is 4749751 a composite number?
False
Is 5773307 composite?
True
Is 16712081 a prime number?
True
Is 758869459 composite?
True
Is 52760221 composite?
False
Is 13283635 prime?
False
Is 5678669 composite?
False
Is 1184399 a composite number?
False
Is 10491589 composite?
True
Is 2631059 a composite number?
True
Is 737042 prime?
False
Is 753481 a composite number?
True
Is 9821899 prime?
True
Is 72331381 composite?
False
Is 650261 a composite number?
False
Is 2217473 composite?
False
Is 10935413 composite?
False
Is 25389229 composite?
True
Is 17775193 composite?
True
Is 42632383 a prime number?
True
Is 5168147 prime?
True
Is 6201229 composite?
False
Is 897994649 composite?
False
Is 1164221 a prime number?
True
Is 176959437 a prime number?
False
Is 589031 composite?
True
Is 183227 prime?
False
Is 1881461 a prime number?
True
Is 51859895 composite?
True
Is 595696997 a prime number?
False
Is 246776213 a composite number?
True
Is 3285823 prime?
True
Is 619581197 prime?
True
Is 7911031 a composite number?
True
Is 936115667 composite?
True
Is 13709921 a composite number?
False
Is 440834729 prime?
True
Is 1207551 composite?
True
Is 113351501 prime?
True
Is 1128117737 composite?
False
Is 27892441 a prime number?
True
Is 11107519 a composite number?
False
Is 117427 a prime number?
True
Is 1966573 a composite number?
True
Is 8929243 prime?
False
Is 18251731 prime?
True
Is 2073707 a prime number?
True
Is 13376299 a composite number?
True
Is 339764179 a prime number?
True
Is 34129651 a composite number?
True
Is 13565087 prime?
False
Is 67603937 composite?
True
Is 5342123 prime?
True
Is 101458697 a prime number?
True
Is 99973513 prime?
True
Is 10062679 composite?
True
Is 145591801 a prime number?
False
Is 177946103 composite?
True
Is 75239215 composite?
True
Is 55847383 composite?
False
Is 11663543 prime?
True
Is 3300811 a composite number?
False
Is 529607 composite?
True
Is 365527193 a prime number?
True
Is 21670141 a composite number?
False
Is 2212547 prime?
True
Is 1726091 prime?
True
Is 196345059 a composite number?
True
Is 30841795 prime?
False
Is 8811727 composite?
True
Is 1190093 composite?
True
Is 3901829 a composite number?
False
Is 725642713 a composite number?
False
Is 137964707 a composite number?
True
Is 5283833 composite?
True
Is 6123829 a prime number?
True
Is 58634221 composite?
False
Is 80218547 a prime number?
False
Is 5754659 composite?
False
Is 4774249 composite?
False
Is 2090441 prime?
True
Is 2972309 prime?
True
Is 147695033 a composite number?
True
Is 12027569 prime?
False
Is 42297557 composite?
False
Is 372922969 a prime number?
True
Is 1020926405 prime?
False
Is 23478505 prime?
False
Is 2668871 composite?
True
Is 8300821 a composite number?
True
Is 1542179 a prime number?
True
Is 6653183 a prime number?
True
Is 23304929 composite?
True
Is 65005003 prime?
False
Is 153133 prime?
True
Is 19640947 composite?
False
Is 993353 composite?
True
Is 175209 pr